alculate the greatest common divisor of v and x.
12
Let b = 9 - 5. Let o = 1135 - 1107. What is the greatest common factor of b and o?
4
Suppose 0 = 12*b + 569 - 2417. Suppose -s = -10 - 4. What is the greatest common divisor of b and s?
14
Let x = 1 - -12. Suppose 1 = 4*m + x. Let i be m*20/(-24)*4. Calculate the greatest common divisor of 20 and i.
10
Let x = 16 - 12. Suppose 0 = -3*j + x*s + 78, -2*s + 8 = 3*j - 88. Calculate the highest common factor of 12 and j.
6
Suppose 1225 = 4*u - u + 5*z, 3*z - 816 = -2*u. What is the highest common divisor of u and 495?
45
Let r(d) = 20*d - 1. Let k be r(3). Let o = -53 + k. Calculate the highest common factor of o and 12.
6
Let r(t) = -2 + 9 - 15*t + 0. Let k be r(-7). What is the greatest common factor of k and 14?
14
Suppose -2*v - 3 = -7. Suppose 23 + 39 = v*d. Let b be -3 + 1 + (d - 4). What is the highest common divisor of 75 and b?
25
Let j = -230 - -758. Calculate the greatest common divisor of j and 33.
33
Let x = 62 + -52. Let v(g) = 4*g + 1. Let m be v(11). Suppose -r = 2*r - m. Calculate the greatest common divisor of r and x.
5
Let p = -674 + 680. What is the greatest common divisor of p and 600?
6
Let y(a) = 17*a - 26. Let c be y(2). What is the highest common factor of 136 and c?
8
Let m(j) = 48*j - 2. Let y be m(5). Calculate the greatest common factor of y and 14.
14
Let w(v) = 2*v**2 + 4*v - 3. Let g be w(1). Suppose 5*o + 53 = 5*c + 13, 3*c = 4*o + 20. Calculate the highest common factor of c and g.
3
Let h(l) = -l**3 + 7*l**2 + 4*l - 6. Let b = 99 - 93. Let c be h(b). Calculate the greatest common divisor of 9 and c.
9
Suppose -7*h - 220 = -12*h. Let j be (120/18)/(2/66). Calculate the greatest common divisor of j and h.
44
Let t be (-105)/(-30) + (-1)/2. Suppose 3*q = t*n - 54, 37 + 29 = 3*n + 3*q. What is the greatest common factor of 25 and n?
5
Suppose -2*k = 105 + 767. Let c = 696 + k. Calculate the highest common factor of c and 20.
20
Suppose 5*u - 3*l = 44, 4*u + 4*l = u + 38. What is the highest common divisor of 1 and u?
1
Let j(g) = -g**2 + 4*g + 282. Let r be j(-12). Calculate the highest common divisor of r and 30.
30
Suppose z + 3*d + 0*d + 36 = 0, -4*d = -5*z - 85. Let y = z - -18. Let b be 35*y*4/(-30). What is the highest common divisor of 98 and b?
14
Suppose 0*u = -u + 13. Let a = u - 11. Let k = 31 + a. What is the highest common factor of k and 11?
11
Let p be 6801/10 + 1/(-10). What is the greatest common divisor of p and 40?
40
Let v(r) = 8*r - 6. Let t be v(1). Suppose 538 = 4*d + 3*o + t*o, -5*o = -d + 122. What is the greatest common factor of d and 33?
33
Let u = 702 - 687. What is the highest common factor of 1905 and u?
15
Let i be 1 - -158 - (10 - (5 + 6)). Calculate the greatest common factor of i and 1360.
80
Suppose 0 = -2*f + 289 - 265. Calculate the highest common factor of f and 48.
12
Let r(c) = 2*c**2 - 10*c + 4. Let v be r(5). Suppose -v*k - 4*u = -268, -k + u = 6*u - 79. Calculate the highest common divisor of k and 48.
16
Let u = 35 + -37. Let r(s) = 3*s + 3. Let l be r(u). Let j(c) = -c**3 + c**2 + 4*c + 2. Let q be j(l). What is the greatest common factor of 52 and q?
26
Let l be (0 - -7)*8/28. Suppose -5*w - 14 = -l*y - 0, -5*w = y - 7. Calculate the highest common divisor of y and 7.
7
Suppose -3*o + 40 = -o. Suppose 5 = 4*x - 5*x, -5*x + 15 = 2*d. Calculate the greatest common factor of d and o.
20
Let o be -5 + (4*(-287)/(-28) - -2). What is the highest common factor of 323 and o?
19
Suppose 12 - 47 = -5*k. Let f = -4 + k. Let n = 81 - 60. What is the highest common divisor of f and n?
3
Let p be (-3)/(-8) - (-13895)/280. Calculate the highest common factor of p and 50.
50
Let r = 720 - 616. What is the highest common divisor of 8 and r?
8
Suppose -2*g + 2*r + 306 = 0, 3*g - 6*g - 3*r + 453 = 0. Calculate the highest common divisor of g and 114.
38
Suppose d + 99 - 406 = -4*w, 2*w - 303 = -d. What is the highest common factor of d and 13?
13
Let k = -22 - -168. Suppose 3*l - k = 454. Calculate the greatest common factor of l and 25.
25
Suppose -s + 89 = x, 5*s = -0*s + 2*x + 410. Calculate the greatest common divisor of 48 and s.
12
Let g be (0 - 9) + (-9 - -26). Let m(t) = 20*t**2 - t - 1. Suppose -4*r = 4 - 0. Let j be m(r). What is the highest common factor of g and j?
4
Let q = -205 + 221. What is the greatest common factor of 576 and q?
16
Let o(b) = b. Let j be o(3). Let k be (4 - j)/((-2)/(-10)). Suppose -k*x + 63 = 23. What is the greatest common factor of 32 and x?
8
Let p be (((-50760)/(-75))/9)/(4/10). Calculate the greatest common divisor of 47 and p.
47
Let a(w) = -w**3 - 10*w**2 - w + 605. Let y be a(0). Calculate the greatest common factor of 110 and y.
55
Suppose 5*i - 3*b = 4*i + 42, 2*i - b - 74 = 0. What is the greatest common divisor of i and 36?
36
Suppose -22 = -2*m - 4*x, -2*m + 2*x + 15 = 5. Let r = 151 - 35. Let f = 172 - r. What is the greatest common factor of m and f?
7
Suppose g - 8*p + 4*p - 4 = 0, 0 = g + 5*p - 31. What is the greatest common factor of g and 44?
4
Let c be 4/26 + 1026/(-247). Let h be 496/32 - (-2)/c. Calculate the highest common divisor of h and 90.
15
Let m(h) = 12*h**2 + 21*h**2 - 18*h**2 + 2*h + 6. Let t be m(-3). Calculate the greatest common factor of t and 54.
27
Let t(g) = -5*g + 6. Let q be t(-20). Let f = -46 + q. What is the highest common divisor of 24 and f?
12
Suppose 3*b - 105 = -6. Suppose -4*t = 2*q - 58, b = t - 5*q + 13. Let u be (-9)/(-36)*8 - -3. What is the greatest common divisor of u and t?
5
Suppose -34*w + 27*w + 154 = 0. Calculate the highest common divisor of w and 374.
22
Let c be 0*1/4 + 39. Suppose 0 = 5*j + 2*h + 34, j - c = 4*j - 5*h. Let z be 20/(-6)*3*j. What is the greatest common factor of 32 and z?
16
Let v = -307 - -541. Calculate the highest common divisor of v and 36.
18
Suppose -20 = -5*h, 2*z - 3*h = -53 + 197. Calculate the highest common factor of z and 130.
26
Let p be ((-3)/9)/(1 - (-56)/(-54)). Suppose -5*r + 378 + 72 = 0. Calculate the greatest common factor of p and r.
9
Let f = -2658 - -4283. What is the highest common divisor of f and 125?
125
Suppose -40 = -d - 4. Let m(k) = 6*k + 114. Let z be m(-17). Let l = d - z. Calculate the greatest common divisor of 12 and l.
12
Suppose 2*n = -3*k + 42, -n = 4*k - 0*n - 51. Let r = 401 + -262. Suppose -160 = -5*c - 7*q + 3*q, 4*c = -q + r. What is the greatest common divisor of c and k?
12
Let g be 2*(129 + (-7 - -5) + 9). What is the greatest common divisor of g and 34?
34
Let h(a) = 11*a**2 - 2*a - 1. Let t be h(-1). Let j be (3*-5)/(t/(-16)). Suppose -3 + 23 = 4*i. Calculate the highest common factor of j and i.
5
Let w(v) be the third derivative of v**4/6 + 15*v**3/2 - 52*v**2. Let n be w(-9). What is the greatest common divisor of 45 and n?
9
Let t = 1 - -17. Let y be (163 - 1) + 0/(-2). Suppose 2*g + y = 5*g. Calculate the greatest common divisor of t and g.
18
Suppose 3187 = 5*n - 35*y + 32*y, 0 = -2*n + 3*y + 1273. What is the highest common factor of 58 and n?
58
Let s = -123 - -138. Calculate the greatest common divisor of 25 and s.
5
Suppose -2*y + y = -16. Let v = -62 + 115. Let c = v + -37. What is the highest common divisor of c and y?
16
Let x = 25 + 9. Calculate the greatest common factor of 17 and x.
17
Let b(h) = 37*h + 51. Let r be b(-1). What is the greatest common divisor of r and 50?
2
Suppose 15 = -7*b + 10*b, -4*o = b - 1085. What is the greatest common divisor of o and 24?
6
Let b be -1 - (1 - 2 - 2). Let y(x) = 5*x**3 + 3*x**2 - 2. Let h be y(b). Suppose 2*n = -6 + 46. What is the highest common divisor of h and n?
10
Suppose 0 = -78*j + 83*j - 1400. What is the greatest common factor of 35 and j?
35
Let b = 1329 - 1272. Calculate the greatest common divisor of 171 and b.
57
Let l be 1346/2 - 8*(-6)/(-8). Calculate the highest common factor of 87 and l.
29
Let w = 2 - -1. Let y be w/(-15) + (-2)/(-10). Let c(l) = -l**2 - l + 18. Let g be c(y). Calculate the highest common factor of 126 and g.
18
Let k(x) = 9*x + 113. Let q be k(-11). Calculate the greatest common divisor of q and 14.
14
Suppose 0 = -5*d + n + 214, 3*d + n = 76 + 54. Let k = 97 - d. What is the highest common divisor of k and 135?
27
Let n(p) = 9 - 2*p + p + p**2 + 0*p. Let q = 491 - 499. Let c be